 3012298 is divided by 30.
28
What is the remainder when 140865 is divided by 3807?
6
What is the remainder when 50244 is divided by 1351?
257
What is the remainder when 704244 is divided by 939?
933
What is the remainder when 5346487 is divided by 2673238?
11
What is the remainder when 4990848 is divided by 402?
18
What is the remainder when 1010552 is divided by 16?
8
Calculate the remainder when 739228 is divided by 15.
13
Calculate the remainder when 75623 is divided by 504.
23
What is the remainder when 5819150 is divided by 5819150?
0
What is the remainder when 665675 is divided by 221770?
365
What is the remainder when 3607524 is divided by 3439?
13
Calculate the remainder when 61388741 is divided by 149.
145
What is the remainder when 2340129 is divided by 16?
1
What is the remainder when 29329 is divided by 10?
9
Calculate the remainder when 1844340 is divided by 2605.
0
Calculate the remainder when 926594 is divided by 89.
15
Calculate the remainder when 41756 is divided by 401.
52
What is the remainder when 32503882 is divided by 167?
4
Calculate the remainder when 23998 is divided by 469.
79
What is the remainder when 47719309 is divided by 32?
13
Calculate the remainder when 306557 is divided by 100049.
6410
Calculate the remainder when 67488 is divided by 60361.
7127
Calculate the remainder when 911136 is divided by 450845.
9446
What is the remainder when 843565 is divided by 126?
121
What is the remainder when 2053613 is divided by 17?
13
Calculate the remainder when 271491 is divided by 271386.
105
Calculate the remainder when 1316147 is divided by 2305.
2297
What is the remainder when 1310372 is divided by 655107?
158
What is the remainder when 191259 is divided by 6293?
2469
What is the remainder when 2774117 is divided by 1930?
707
What is the remainder when 25793 is divided by 25242?
551
What is the remainder when 20694146 is divided by 14421?
11
Calculate the remainder when 69484 is divided by 99.
85
Calculate the remainder when 92705 is divided by 217.
46
What is the remainder when 6948 is divided by 481?
214
Calculate the remainder when 3499852 is divided by 874959.
16
What is the remainder when 294626 is divided by 893?
829
What is the remainder when 62385 is divided by 2495?
10
What is the remainder when 108300760 is divided by 36100253?
1
What is the remainder when 1344063 is divided by 14148?
3
Calculate the remainder when 10430438 is divided by 1564.
122
What is the remainder when 14944180 is divided by 4981391?
7
Calculate the remainder when 90850421 is divided by 45425199.
23
Calculate the remainder when 70021 is divided by 1006.
607
What is the remainder when 33320 is divided by 323?
51
Calculate the remainder when 262228941 is divided by 34.
31
Calculate the remainder when 313925 is divided by 2012.
53
Calculate the remainder when 475248 is divided by 168.
144
What is the remainder when 3812973 is divided by 1258?
1233
Calculate the remainder when 36835 is divided by 9121.
351
Calculate the remainder when 6663664 is divided by 1333.
1330
What is the remainder when 266536 is divided by 1613?
391
Calculate the remainder when 51580 is divided by 1567.
1436
What is the remainder when 5530189 is divided by 120?
109
What is the remainder when 2315409 is divided by 578846?
25
Calculate the remainder when 11008216 is divided by 109.
88
Calculate the remainder when 18249 is divided by 17970.
279
What is the remainder when 98170919 is divided by 14024414?
21
Calculate the remainder when 826043 is divided by 37524.
515
Calculate the remainder when 325375 is divided by 3623.
2928
Calculate the remainder when 816291 is divided by 2132.
1867
What is the remainder when 4338543 is divided by 112?
111
Calculate the remainder when 153279 is divided by 480.
159
Calculate the remainder when 1716113 is divided by 78005.
3
Calculate the remainder when 29026698 is divided by 11.
8
Calculate the remainder when 6625387 is divided by 439.
438
Calculate the remainder when 3521581 is divided by 33.
19
Calculate the remainder when 3710787 is divided by 218275.
112
Calculate the remainder when 52535011 is divided by 1439.
1438
Calculate the remainder when 90324079 is divided by 318.
313
What is the remainder when 667894 is divided by 9231?
3262
Calculate the remainder when 53274850 is divided by 53274824.
26
Calculate the remainder when 199427 is divided by 14997.
4466
What is the remainder when 7945915 is divided by 71582?
313
What is the remainder when 21608340 is divided by 11?
6
Calculate the remainder when 136450086 is divided by 371.
367
What is the remainder when 259099 is divided by 4484?
3511
What is the remainder when 486424 is divided by 7974?
10
Calculate the remainder when 31844 is divided by 1875.
1844
Calculate the remainder when 63641335 is divided by 1766.
1759
What is the remainder when 1723439 is divided by 861718?
3
What is the remainder when 977202 is divided by 540?
342
Calculate the remainder when 313258 is divided by 104327.
277
What is the remainder when 1612038 is divided by 382?
380
Calculate the remainder when 6154639 is divided by 18593.
356
Calculate the remainder when 137782390 is divided by 67.
39
What is the remainder when 2369891 is divided by 723?
620
What is the remainder when 136217303 is divided by 1317?
1310
What is the remainder when 1863329 is divided by 62?
43
What is the remainder when 703411 is divided by 100484?
23
What is the remainder when 3743483 is divided by 2155?
248
Calculate the remainder when 125957 is divided by 178.
111
Calculate the remainder when 16004 is divided by 4336.
2996
What is the remainder when 402068198 is divided by 41?
17
What is the remainder when 496089 is divided by 495426?
663
Calculate the remainder when 349164 is divided by 86904.
1548
What is the remainder when 34720357 is divided by 609?
49
Calculate the remainder when 390358 is divided by 467.
413
What is the remainder when 241928 is divided by 630?
8
Calculate the remainder when 1466474 is divided by 506.
86
What is the remainder when 711067 is divided by 236914?
325
Calculate the remainder when 1557123 is divided by 1347.
1338
Calculate the remainder when 220560239 is divided by 433.
431
Calculate the remainder when 8833416 is divided by 8833315.
101
Calculate the remainder when 2346966 is divided by 675.
666
What is the remainder when 1669751 is divided by 2906?
1707
What is the remainder when 398493 is divided by 718?
3
What is the remainder when 13004 is divided by 6194?
616
Calculate the remainder when 73836905 is divided by 1551.
1550
Calculate the remainder when 19819 is divided by 1965.
169
What is the remainder when 48889048 is divided by 24?
16
Calculate the remainder when 20079823 is divided by 1673316.
31
Calculate the remainder when 155729 is divided by 876.
677
What is the remainder when 252889 is divided by 126426?
37
Calculate the remainder when 67292772 is divided by 891.
888
What is the remainder when 4780136 is divided by 2784?
8
What is the remainder when 17202086 is divided by 373958?
18
What is the remainder when 30255150 is divided by 1032?
6
What is the remainder when 36577326 is divided by 891?
885
What is the remainder when 5961500 is divided by 121663?
13
Calculate the remainder when 68824 is divided by 17171.
140
Calculate the remainder when 29009899 is divided by 10.
9
What is the remainder when 23965473 is divided by 20?
13
What is the remainder when 2273484 is divided by 5505?
5424
Calculate the remainder when 90163 is divided by 150.
13
What is the remainder when 76958 is divided by 14286?
5528
What is the remainder when 290898 is divided by 592?
226
Calculate the remainder when 427059 is divided by 2945.
34
What is the remainder when 24941662 is divided by 2063?
2055
What is the remainder when 880388 is divided by 6987?
26
Calculate the remainder when 179456 is divided by 6645.
41
What is the remainder when 515717 is divided by 20?
17
What is the remainder when 122831598 is divided by 16?
14
Calculate the remainder when 141733452 is divided by 351.
3
What is the remainder when 1949144 is divided by 215?
169
Calculate the remainder when 728413 is divided by 13355.
7243
Calculate the remainder when 45134 is divided by 45059.
75
Calculate the remainder when 849216278 is divided 